{"id":5736,"date":"2013-10-14T18:49:06","date_gmt":"2013-10-14T21:49:06","guid":{"rendered":"http:\/\/www.ligavpg.com\/blog\/?page_id=5736"},"modified":"2015-05-26T15:48:38","modified_gmt":"2015-05-26T18:48:38","slug":"rfactor-driver-swap","status":"publish","type":"page","link":"https:\/\/www.ligavpg.com\/blog\/garagem\/rfactor-driver-swap\/","title":{"rendered":"rFactor &#8211; Driver Swap"},"content":{"rendered":"<table border=\"0\">\n<tbody>\n<tr>\n<td>\n<h2 style=\"text-align: justify;\"><img fetchpriority=\"high\" decoding=\"async\" class=\" wp-image-10275 size-large aligncenter\" style=\"font-size: 11px; font-weight: normal; text-align: start;\" src=\"http:\/\/www.ligavpg.com\/blog\/wp-content\/uploads\/endurance-600x148.png\" alt=\"\" width=\"600\" height=\"148\" srcset=\"https:\/\/www.ligavpg.com\/blog\/wp-content\/uploads\/endurance-600x148.png 600w, https:\/\/www.ligavpg.com\/blog\/wp-content\/uploads\/endurance-300x74.png 300w, https:\/\/www.ligavpg.com\/blog\/wp-content\/uploads\/endurance.png 699w\" sizes=\"(max-width: 600px) 100vw, 600px\" \/><\/h2>\n<h4 style=\"text-align: center;\"><b>rFactor &#8211; Driver Swap (Troca de Pilotos)<\/b><\/h4>\n<p style=\"text-align: justify;\">O rFactor permite que durante uma corrida de longa dura\u00e7\u00e3o seja feita a troca de pilotos, online. Para que tudo ocorra bem, sem problemas, \u00e9 preciso seguir determinadas normas e cuidados, \u00e9 algo que funciona quase sem falhas, como tem sido confirmado em v\u00e1rias corridas de Endurance, com trocas de pilotos.<\/p>\n<p style=\"text-align: justify;\">No entanto, \u00e9 preciso aceitar, que numa prova online, por maiores que sejam os cuidados de todos os envolvidos, imprevistos acontecem e, que uma falha na liga\u00e7\u00e3o de um piloto, em um dos turnos, vai causar a desist\u00eancia de toda a equipa, visto n\u00e3o ser poss\u00edvel a reentrada da mesma no servidor, pela falta de carro presente.<\/p>\n<p style=\"text-align: justify;\">Este manual, resulta da experi\u00eancia de v\u00e1rias ligas e, deve ser seguido \u00e0 risca por todos os participantes em provas de Endurance no rFactor.<\/p>\n<p style=\"text-align: justify;\">O seu objectivo, \u00e9 o de diminuir os fatores de risco de queda de um servidor online e, o de minimizar o esfor\u00e7o do mesmo, causado por pilotos com problemas, que acabam por condicionar as provas de todos os outros.<\/p>\n<p style=\"text-align: justify;\"><b>1. Instala\u00e7\u00e3o rFactor Lite<\/b><br \/>\nPara que o Driver Swap corra o mais fluido poss\u00edvel, \u00e9 conveniente uma nova instala\u00e7\u00e3o DEDICADA do rFactor, onde s\u00f3 exista o mod a utilizar.<\/p>\n<p style=\"text-align: justify;\">A instala\u00e7\u00e3o do rfactor <b>DEVE SER O MAIS ID\u00caNTICA\u00a0POSS\u00cdVEL\u00a0PARA TODOS OS MEMBROS DA EQUIPE.<\/b><\/p>\n<p style=\"text-align: justify;\">Para isso, o rFactor Lite, \u00e9 a vers\u00e3o ideal, dado o seu tamanho e conte\u00fado com os arquivos absolutamente necess\u00e1rios para a instala\u00e7\u00e3o de mod&#8217;s.<\/p>\n<p style=\"text-align: justify;\">&gt;&gt; <a href=\"http:\/\/www.rfactorcentral.com\/rfactor_lite.cfm\" target=\"_blank\"><b>Download rFactor Lite<\/b><\/a><\/p>\n<p style=\"text-align: justify;\">A instala\u00e7\u00e3o pode ser feita numa pasta com o nome que desejarem, no local desejado.<\/p>\n<p style=\"text-align: justify;\">Ap\u00f3s o &#8220;novo&#8221; rFactor instalado, para continuarem a utilizar as vossas configura\u00e7\u00f5es de volante, v\u00e3o \u00e0 instala\u00e7\u00e3o &#8220;antiga&#8221;, pasta\u00a0 <b>UserData<\/b> e, copiem para a nova instala\u00e7\u00e3o (pasta \\UserData), as pastas <b>Controller<\/b> e, a que tem o <b>vosso nome<\/b>.<\/p>\n<p style=\"text-align: justify;\"><b>2. Teclas importantes<\/b><br \/>\nPara fazer uma troca de pilotos, devem ser utilizadas algumas teclas de atalho. Essas teclas podem ser configuradas ao gosto de cada um.<\/p>\n<p style=\"text-align: justify;\">Para configurar as teclas, ir para a <b>Customize &gt; Settings &gt; Controls<\/b>, at\u00e9 aparecer a seguinte imagem:<\/p>\n<p style=\"text-align: center;\"><img decoding=\"async\" class=\"aligncenter wp-image-5738 size-full\" src=\"http:\/\/www.ligavpg.com\/blog\/wp-content\/uploads\/enduro_config1.png\" alt=\"enduro_config1\" width=\"600\" height=\"247\" srcset=\"https:\/\/www.ligavpg.com\/blog\/wp-content\/uploads\/enduro_config1.png 600w, https:\/\/www.ligavpg.com\/blog\/wp-content\/uploads\/enduro_config1-300x123.png 300w\" sizes=\"(max-width: 600px) 100vw, 600px\" \/><\/p>\n<p style=\"text-align: justify;\"><b>1)<\/b> A tecla\/bot\u00e3o aqui configurado, n\u00e3o tem necessidade de ser acedido quando em pista<br \/>\n<b>2)<\/b> Definir teclas\/bot\u00f5es facilmente acess\u00edveis quando em pista (bot\u00f5es de controle do menu Pit Stop)<\/p>\n<p style=\"text-align: justify;\"><b>3. Prepara\u00e7\u00e3o para a corrida<\/b><br \/>\nDurante os testes que precedem a prova, o desenvolvimento do setup do carro, deve ser feito, tendo em conta que <b>ele vai ser id\u00eantico para todos os pilotos da mesma equipe<\/b>.<\/p>\n<p style=\"text-align: justify;\">Apenas o Steering Lock, pode ser personalizado para cada um dos pilotos.<\/p>\n<p style=\"text-align: justify;\">A utiliza\u00e7\u00e3o de setups diferentes para cada membro da equipe, para al\u00e9m de n\u00e3o serem aceitos pelo servidor, ir\u00e1 for\u00e7ar a uma sobrecarga no mesmo e, \u00e0 atribui\u00e7\u00e3o ao novo piloto, do setup que o anterior estava a utilizar ou ent\u00e3o, do default rFactor para o mod.<\/p>\n<p style=\"text-align: justify;\">S\u00e3o conhecidos bastantes casos de queda do servidor, quando h\u00e1 tentativa de utiliza\u00e7\u00e3o de setups diferentes entre membros da mesma equipa e, esse processo est\u00e1 bloqueado nas defini\u00e7\u00f5es do servidor.<\/p>\n<p style=\"text-align: justify;\">Assim, para al\u00e9m de ser de evitar a presen\u00e7a de outros setups na pasta respectiva, o setup a utilizar deve estar definido como <b>SETUP DEFAULT<\/b>.<\/p>\n<p style=\"text-align: center;\"><img decoding=\"async\" class=\"aligncenter wp-image-5739 size-full\" src=\"http:\/\/www.ligavpg.com\/blog\/wp-content\/uploads\/enduro_config2.png\" alt=\"enduro_config2\" width=\"600\" height=\"217\" srcset=\"https:\/\/www.ligavpg.com\/blog\/wp-content\/uploads\/enduro_config2.png 600w, https:\/\/www.ligavpg.com\/blog\/wp-content\/uploads\/enduro_config2-300x108.png 300w\" sizes=\"(max-width: 600px) 100vw, 600px\" \/><\/p>\n<p style=\"text-align: justify;\"><b>1)<\/b> Selecione o setup a utilizar<br \/>\n<b>2)<\/b> Clique no bot\u00e3o Default<br \/>\n<b>3)<\/b> O nome do setup exibido deve corresponder ao nome do setup a utilizar<\/p>\n<p style=\"text-align: justify;\"><b>Fazer uma Mudan\u00e7a de Piloto no rfactor (Driver Swap)<\/b><br \/>\nPara melhor explicar o procedimento, vamos simular uma troca entre dois pilotos: <b>Marcelo Leandro<\/b> e <b>Leonardo Sampaio<\/b>.<\/p>\n<p style=\"text-align: justify;\"><b>Marcelo Leandro<\/b>, faz a partida.<br \/>\n<b>Leonardo Sampaio<\/b>, faz a primeira substitui\u00e7\u00e3o.<\/p>\n<p style=\"text-align: justify;\"><b>1. Antes da partida<\/b><br \/>\nLeandro, carrega o setup estipulado para utiliza\u00e7\u00e3o por toda a equipa e, ajusta o Steering Lock para a sua prefer\u00eancia, caso ele n\u00e3o esteja j\u00e1 gravado no setup.<\/p>\n<p style=\"text-align: justify;\"><b>2. Corrida<\/b><br \/>\nA partida foi dada e, Leandro est\u00e1 em pista, enquanto Sampaio acompanha o desenrolar da prova no canal de TS da equipe, no Live Timing e na transmiss\u00e3o de tv.<\/p>\n<p style=\"text-align: justify;\">Leandro faz a primeira parada nos boxes, conforme previsto na estrat\u00e9gia da equipe.<\/p>\n<p style=\"text-align: justify;\">Para a segunda parada, est\u00e1 prevista uma troca de piloto.<\/p>\n<p style=\"text-align: justify;\">Sampaio prepara-se, arranca o rFactor e, em seguida vai a <b>Connect &gt; Settings<\/b>.<\/p>\n<p style=\"text-align: center;\"><img loading=\"lazy\" decoding=\"async\" class=\"aligncenter wp-image-5740 size-full\" src=\"http:\/\/www.ligavpg.com\/blog\/wp-content\/uploads\/enduro_config3.png\" alt=\"enduro_config3\" width=\"600\" height=\"214\" srcset=\"https:\/\/www.ligavpg.com\/blog\/wp-content\/uploads\/enduro_config3.png 600w, https:\/\/www.ligavpg.com\/blog\/wp-content\/uploads\/enduro_config3-300x107.png 300w\" sizes=\"(max-width: 600px) 100vw, 600px\" \/><br \/>\nNesse quadro, deve configurar o <b>modo Spectate como ON<\/b> e, o <b>Connection Type como ISDN<\/b>.<\/p>\n<p style=\"text-align: justify;\">Desse modo, entrando como espectador, Barbosa vai conseguir aceder ao servidor, mesmo em sess\u00e3o de corrida, sem receber a mensagem &#8220;<b>Session Closed<\/b>&#8220;<\/p>\n<ul style=\"text-align: justify;\">\n<li>Dentro do rFactor, com a prova a decorrer e, com o setup a utilizar j\u00e1 carregado (por estar pr\u00e9-selecionado), Sampaio seleciona, na lista com a classifica\u00e7\u00e3o geral, o nome de Marcelo Leandro e, carrega na tecla pr\u00e9-definida para o modo Passenger (Passageiro).<br \/>\nNessa altura, nas mensagens chat, Barbosa recebe a mensagem &#8220;<b>You are now riding with: M Leandro<\/b>&#8220;.Caso Sampaio se tenha enganado na sele\u00e7\u00e3o do colega de equipe a substituir, basta-lhe carregar novamente na tecla pr\u00e9-definida para o modo Passenger, receber a mensagem &#8220;<b>You are no longer riding with: xxx<\/b>&#8221; e, fazer a sele\u00e7\u00e3o correta.Com a sele\u00e7\u00e3o correta feita, no canal de TS, Sampaio anuncia a Leandro, que est\u00e1 pronto para a troca de piloto.Na volta de entrada na box de Leandro, Sampaio carrega no bot\u00e3o &#8220;Race&#8221; e, passa a passageiro efetivo de Leandro.Nessa altura, Leandro faz um pedido de paragem na box (conv\u00e9m ter uma tecla\/bot\u00e3o configurado para isso).Antes de Leandro cruzar a linha de inicio de box, deve aceder ao menu de box e, na linha adicional com indica\u00e7\u00e3o do Passageiro, selecionar o nome de L Sampaio , como o piloto que o ir\u00e1 substituir, bem como o servi\u00e7o de box pretendido.<b>Caso a sele\u00e7\u00e3o de Passageiro seja feita na via de Box, ela n\u00e3o ser\u00e1 efetuada pelo rFactor.<\/b><\/li>\n<\/ul>\n<p style=\"text-align: justify;\"><b>3. Parada de box<\/b><br \/>\nSe, o procedimento anterior foi coreto, a mudan\u00e7a de piloto \u00e9 autom\u00e1tica e, ocorrer\u00e1 ap\u00f3s o servi\u00e7o programado para o box.<\/p>\n<p style=\"text-align: justify;\">Leandro, ter\u00e1 a informa\u00e7\u00e3o adicional: &#8220;<b>You Lose Control In:<\/b>&#8221;<br \/>\nSampaio, ter\u00e1 a informa\u00e7\u00e3o: &#8220;<b>You Gain Control In:<\/b>&#8220;<\/p>\n<p style=\"text-align: justify;\">No final da contagem decrescente, Sampaio passa a ter o controle do carro e, a mudan\u00e7a de piloto efetuada com sucesso.<\/p>\n<p style=\"text-align: justify;\">Com o seu turno cumprido, Leandro sai do servidor, configurando a sua liga\u00e7\u00e3o para o modo Espectador, para assim re-aceder ao servidor, para efetuar novo turno de pilotagem, repetindo o processo efetuado por L. Sampaio.<\/p>\n<p style=\"text-align: justify;\">&#8212;&#8212;&#8212;&#8212;&#8212;&#8212;&#8212;&#8212;&#8212;&#8212;&#8212;&#8212;&#8212;&#8212;&#8212;&#8212;&#8212;&#8212;&#8212;&#8212;&#8212;&#8212;&#8212;&#8212;&#8212;&#8212;&#8212;&#8212;&#8212;&#8212;-<br \/>\n<i><b>Baseado no manual\u00a0 Driver Swap de <a href=\"http:\/\/www.endurance-rfactor.fr\/\" target=\"_blank\">www.endurance-rfactor.fr<\/a> e da Ligue Tourisme &amp; GT<\/b><\/i><\/p>\n<p style=\"text-align: justify;\">Fonte:\u00a0http:\/\/www.r4-sims.com<\/p>\n<\/td>\n<\/tr>\n<\/tbody>\n<\/table>\n","protected":false},"excerpt":{"rendered":"<p>rFactor &#8211; Driver Swap (Troca de Pilotos) O rFactor permite que durante uma corrida de longa dura\u00e7\u00e3o seja feita a troca de pilotos, online. Para que tudo ocorra bem, sem problemas, \u00e9 preciso seguir determinadas normas e cuidados, \u00e9 algo que funciona quase sem falhas, como tem sido confirmado em v\u00e1rias corridas de Endurance, com [&hellip;]<\/p>\n","protected":false},"author":7,"featured_media":0,"parent":159,"menu_order":8,"comment_status":"open","ping_status":"open","template":"","meta":{"_monsterinsights_skip_tracking":false,"_monsterinsights_sitenote_active":false,"_monsterinsights_sitenote_note":"","_monsterinsights_sitenote_category":0,"footnotes":""},"class_list":["post-5736","page","type-page","status-publish","hentry"],"_links":{"self":[{"href":"https:\/\/www.ligavpg.com\/blog\/wp-json\/wp\/v2\/pages\/5736","targetHints":{"allow":["GET"]}}],"collection":[{"href":"https:\/\/www.ligavpg.com\/blog\/wp-json\/wp\/v2\/pages"}],"about":[{"href":"https:\/\/www.ligavpg.com\/blog\/wp-json\/wp\/v2\/types\/page"}],"author":[{"embeddable":true,"href":"https:\/\/www.ligavpg.com\/blog\/wp-json\/wp\/v2\/users\/7"}],"replies":[{"embeddable":true,"href":"https:\/\/www.ligavpg.com\/blog\/wp-json\/wp\/v2\/comments?post=5736"}],"version-history":[{"count":13,"href":"https:\/\/www.ligavpg.com\/blog\/wp-json\/wp\/v2\/pages\/5736\/revisions"}],"predecessor-version":[{"id":10276,"href":"https:\/\/www.ligavpg.com\/blog\/wp-json\/wp\/v2\/pages\/5736\/revisions\/10276"}],"up":[{"embeddable":true,"href":"https:\/\/www.ligavpg.com\/blog\/wp-json\/wp\/v2\/pages\/159"}],"wp:attachment":[{"href":"https:\/\/www.ligavpg.com\/blog\/wp-json\/wp\/v2\/media?parent=5736"}],"curies":[{"name":"wp","href":"https:\/\/api.w.org\/{rel}","templated":true}]}}